345?
False
Does 75 divide 975?
True
Does 22 divide 1056?
True
Is 307 a factor of 48813?
True
Does 76 divide 3462?
False
Is 13 a factor of 247?
True
Does 13 divide 101234?
False
Is 161 a factor of 2830?
False
Is 10 a factor of 3093?
False
Does 97 divide 6906?
False
Does 11 divide 154?
True
Is 11 a factor of 56?
False
Does 22 divide 14239?
False
Does 2 divide 126?
True
Does 67 divide 7316?
False
Does 18 divide 305?
False
Does 4 divide 13?
False
Is 3 a factor of 1914?
True
Is 13 a factor of 22859?
False
Is 7 a factor of 34791?
False
Does 2 divide 846?
True
Is 24 a factor of 1464?
True
Is 18 a factor of 2358?
True
Does 15 divide 734?
False
Does 3 divide 1221?
True
Is 122 a factor of 4270?
True
Is 18 a factor of 558?
True
Is 54 a factor of 3094?
False
Does 235 divide 12925?
True
Is 14 a factor of 2072?
True
Does 25 divide 175?
True
Is 18223 a multiple of 20?
False
Is 5419 a multiple of 138?
False
Is 19 a factor of 836?
True
Is 25675 a multiple of 82?
False
Does 21 divide 450?
False
Is 137982 a multiple of 78?
True
Is 26 a factor of 961?
False
Does 44 divide 792?
True
Is 24 a factor of 594?
False
Is 374 a multiple of 22?
True
Is 90163 a multiple of 83?
False
Is 24382 a multiple of 334?
True
Is 11 a factor of 847?
True
Does 12 divide 444?
True
Does 3 divide 342?
True
Does 12 divide 3186?
False
Does 35 divide 1645?
True
Does 21 divide 1638?
True
Is 40 a factor of 867?
False
Does 45 divide 11315?
False
Is 403 a factor of 94302?
True
Is 1305 a multiple of 10?
False
Does 46 divide 28956?
False
Does 15 divide 9968?
False
Does 17 divide 35421?
False
Is 218 a factor of 24062?
False
Does 14 divide 2562?
True
Does 26 divide 52585?
False
Is 972 a multiple of 4?
True
Is 4 a factor of 1836?
True
Is 3 a factor of 116?
False
Is 55 a factor of 11405?
False
Is 11 a factor of 3124?
True
Is 1104 a multiple of 8?
True
Is 9441 a multiple of 46?
False
Does 6 divide 216?
True
Is 6 a factor of 393?
False
Is 25739 a multiple of 25?
False
Is 22 a factor of 18162?
False
Does 10 divide 381?
False
Is 11051 a multiple of 11?
False
Does 2 divide 172?
True
Is 5 a factor of 2075?
True
Is 14 a factor of 23884?
True
Is 270 a multiple of 5?
True
Does 9 divide 372?
False
Does 14 divide 866?
False
Is 6 a factor of 1422?
True
Is 468 a multiple of 77?
False
Is 1528 a multiple of 4?
True
Is 937 a multiple of 25?
False
Is 9 a factor of 419?
False
Does 21 divide 112959?
True
Is 861 a multiple of 70?
False
Is 47 a factor of 3039?
False
Does 5 divide 4689?
False
Is 19 a factor of 5111?
True
Is 11040 a multiple of 23?
True
Does 88 divide 9408?
False
Is 699 a multiple of 11?
False
Does 102 divide 29988?
True
Is 8381 a multiple of 84?
False
Is 41 a factor of 82460?
False
Is 40669 a multiple of 35?
False
Is 80 a factor of 94612?
False
Does 114 divide 10488?
True
Is 60 a factor of 10612?
False
Is 15 a factor of 40404?
False
Does 23 divide 414?
True
Is 184 a multiple of 17?
False
Is 127 a multiple of 10?
False
Is 7080 a multiple of 24?
True
Is 24 a factor of 1176?
True
Is 13 a factor of 5413?
False
Does 62 divide 17670?
True
Is 41 a factor of 12487?
False
Does 123 divide 25707?
True
Is 1647 a multiple of 8?
False
Does 75 divide 66200?
False
Is 96 a factor of 384?
True
Is 1591 a multiple of 37?
True
Is 87 a factor of 2120?
False
Is 2808 a multiple of 156?
True
Is 10920 a multiple of 156?
True
Is 9 a factor of 2376?
True
Is 77 a factor of 2122?
False
Is 203 a factor of 18270?
True
Is 60453 a multiple of 27?
True
Is 827 a multiple of 2?
False
Is 9088 a multiple of 6?
False
Is 230 a multiple of 11?
False
Does 229 divide 18943?
False
Does 47 divide 50102?
True
Does 31 divide 6696?
True
Is 36929 a multiple of 21?
False
Is 240 a factor of 37440?
True
Is 972 a multiple of 4?
True
Does 3 divide 172?
False
Does 8 divide 376?
True
Is 3646 a multiple of 165?
False
Is 12 a factor of 7836?
True
Is 17 a factor of 3043?
True
Does 8 divide 7016?
True
Is 82494 a multiple of 14?
False
Is 20 a factor of 43681?
False
Is 52260 a multiple of 130?
True
Does 23 divide 253?
True
Does 3 divide 2099?
False
Is 19 a factor of 1945?
False
Does 23 divide 38878?
False
Is 17 a factor of 42279?
True
Does 44 divide 916?
False
Is 14 a factor of 308?
True
Is 19651 a multiple of 160?
False
Does 3 divide 807?
True
Does 200 divide 35817?
False
Is 135 a factor of 89726?
False
Does 17 divide 87891?
False
Does 78 divide 3900?
True
Does 2 divide 329?
False
Does 44 divide 2904?
True
Is 62 a factor of 1612?
True
Is 18 a factor of 1242?
True
Is 7228 a multiple of 109?
False
Is 8 a factor of 1828?
False
Does 7 divide 10037?
False
Does 79 divide 48901?
True
Does 22 divide 3916?
True
Does 38 divide 4220?
False
Is 3 a factor of 9567?
True
Is 386 a factor of 97128?
False
Is 118 a factor of 3438?
False
Does 123 divide 673?
False
Is 34 a factor of 8024?
True
Is 13679 even?
False
Is 8 a factor of 480?
True
Does 23 divide 1058?
True
Is 7508 a multiple of 5?
False
Is 6 a factor of 516?
True
Is 266 a factor of 56050?
False
Does 60 divide 14940?
True
Is 100 a factor of 65000?
True
Does 192 divide 93696?
True
Does 314 divide 63568?
False
Is 330 a multiple of 11?
True
Is 3230 a multiple of 13?
False
Does 389 divide 69242?
True
Is 78 a factor of 33228?
True
Does 22 divide 22984?
False
Is 8 a factor of 46146?
False
Is 47 a factor of 14369?
False
Is 12 a factor of 780?
True
Is 25 a factor of 2155?
False
Is 12 a factor of 2975?
False
Does 108 divide 7033?
False
Is 654 a multiple of 6?
True
Is 343 a multiple of 3?
False
Is 73592 a multiple of 62?
False
Is 780 a multiple of 3?
True
Is 6 a factor of 85?
False
Is 3318 a multiple of 77?
False
Is 2928 a multiple of 24?
True
Is 1080 a multiple of 3?
True
Does 16 divide 114?
False
Is 19551 a multiple of 30?
False
Does 22 divide 1056?
True
Is 20 a factor of 880?
True
Is 45 a factor of 17775?
True
Is 6 a factor of 1026?
True
Does 28 divide 25676?
True
Is 3160 a multiple of 24?
False
Is 964 a multiple of 32?
False
Is 17 a factor of 2652?
True
Does 188 divide 4267?
False
Is 12765 a multiple of 15?
True
Does 18 divide 4126?
False
Is 92 a factor of 4508?
True
Does 42 divide 3528?
True
Is 51 a factor of 663?
True
Is 24480 a multiple of 60?
True
Does 99 divide 409?
False
Does 7 divide 8869?
True
Is 25 a factor of 4600?
True
Is 21576 a multiple of 24?
True
Is 5 a factor of 5111?
False
Does 5 divide 3174?
False
Is 176495 a multiple of 55?
True
Is 23 a factor of 1311?
True
Does 50 divide 700?
True
Is 3550 even?
True
Is 41 a factor of 45?
False
Does 14 divide 140?
True
Is 26 a factor of 6838?
True
Is 16 a factor of 7760?
True
Is 2670 a multiple of 25?
False
Is 1294 a multiple of 6?
False
Is 868 a multiple of 16?
False
Does 117 divide 7605?
True
Is 48 a factor of 13824?
True
Does 11 divide 2077?
False
Is 79 a multiple of 2?
False
Is 3803 a multiple of 10?
False
Does 17 divide 646?
True
Is 370 a multiple of 14?
False
Does 56 divide 2520?
True
Is 29 a factor of 754?
True
Is 887 a multiple of 24?
False
Is 429 a multiple of 89?
False
Is 127 a factor of 4825?
False
Is 6083 a multiple of 79?
True
Does 20 divide 37475?
False
Is 8 a factor of 516?
False
Is 1312 a multiple of 41?
True
Is 1904 a multiple of 119?
True
Does 20 divide 620?
True
Is 18 a factor of 15047?
False
Is 54 a factor of 2573?
False
Does 13 divide 12298?
True
Is 69 a factor of 5382?
True
Is 24203 a multiple of 11?
False
Does 71 divide 321?
False
Is 91920 a multiple of 12?
True
Is 24 a factor of 666?
False
Does 21 divide 3100?
False
Is 57 a factor of 4083?
False
Does 22 divide 732?
False
Is 19 a factor of 88768?
True
Is 60 a factor of 518?
False
Is 74 a multiple of 74?
True
Is 5834 a multiple of 37?
False
Is 170 a multiple of 17?
True
Is 116 a multiple of 8?
False
Is 527 a multiple of 17?
True
Is 20 a factor of 686?
False
Is 174 a factor of 3203?
False
Is 172 a factor of 9929?
False
Is 22 a factor of 6297?
False
Does 81 divide 41388?
False
Is 1512 a multiple of 21?
True
Is 1488 a multiple of 36?
False
Is 44 a factor of 2640?
True
Does 18 divide 107?
False
Does 48 divide 240?
True
Is 4057 a multiple of 9?
False
Is 7 a factor of 77?
True
Is 2 a factor of 111?
False
Is 5 a factor of 1785?
True
Does 5 divide 8232?
False
Does 14 divide 65198?
True
Does 3 divide 691?
False
Is 866 a multiple of 4?
False
Is 1223 a multiple of 22?
False
Does 17 divide 104?
False
Is 2214 a multiple